[INFO] cloning repository https://github.com/Bernd-L/sarga
[INFO] running `Command { std: "git" "-c" "credential.helper=" "-c" "credential.helper=/workspace/cargo-home/bin/git-credential-null" "clone" "--bare" "https://github.com/Bernd-L/sarga" "/workspace/cache/git-repos/https%3A%2F%2Fgithub.com%2FBernd-L%2Fsarga", kill_on_drop: false }`
[INFO] [stderr] Cloning into bare repository '/workspace/cache/git-repos/https%3A%2F%2Fgithub.com%2FBernd-L%2Fsarga'...
[INFO] running `Command { std: "git" "rev-parse" "HEAD", kill_on_drop: false }`
[INFO] [stdout] cfa9624979989f501ed4c0d57a261ac1e89dff1f
[INFO] checking Bernd-L/sarga against master#cfbc6d4cf1acbac5c025acf8ed68929caa551df3 for pr-75494-beta
[INFO] running `Command { std: "git" "clone" "/workspace/cache/git-repos/https%3A%2F%2Fgithub.com%2FBernd-L%2Fsarga" "/workspace/builds/worker-10/source", kill_on_drop: false }`
[INFO] [stderr] Cloning into '/workspace/builds/worker-10/source'...
[INFO] [stderr] done.
[INFO] validating manifest of git repo https://github.com/Bernd-L/sarga on toolchain cfbc6d4cf1acbac5c025acf8ed68929caa551df3
[INFO] running `Command { std: "/workspace/cargo-home/bin/cargo" "+cfbc6d4cf1acbac5c025acf8ed68929caa551df3" "read-manifest" "--manifest-path" "Cargo.toml", kill_on_drop: false }`
[INFO] started tweaking git repo https://github.com/Bernd-L/sarga
[INFO] finished tweaking git repo https://github.com/Bernd-L/sarga
[INFO] tweaked toml for git repo https://github.com/Bernd-L/sarga written to /workspace/builds/worker-10/source/Cargo.toml
[INFO] crate git repo https://github.com/Bernd-L/sarga already has a lockfile, it will not be regenerated
[INFO] running `Command { std: "/workspace/cargo-home/bin/cargo" "+cfbc6d4cf1acbac5c025acf8ed68929caa551df3" "fetch" "--locked" "--manifest-path" "Cargo.toml", kill_on_drop: false }`
[INFO] running `Command { std: "docker" "create" "-v" "/var/lib/crater-agent-workspace/builds/worker-10/target:/opt/rustwide/target:rw,Z" "-v" "/var/lib/crater-agent-workspace/builds/worker-10/source:/opt/rustwide/workdir:ro,Z" "-v" "/var/lib/crater-agent-workspace/cargo-home:/opt/rustwide/cargo-home:ro,Z" "-v" "/var/lib/crater-agent-workspace/rustup-home:/opt/rustwide/rustup-home:ro,Z" "-e" "SOURCE_DIR=/opt/rustwide/workdir" "-e" "CARGO_TARGET_DIR=/opt/rustwide/target" "-e" "CARGO_HOME=/opt/rustwide/cargo-home" "-e" "RUSTUP_HOME=/opt/rustwide/rustup-home" "-w" "/opt/rustwide/workdir" "-m" "1610612736" "--user" "0:0" "--network" "none" "rustops/crates-build-env@sha256:a636fd89d022f18117e1dc8fb37a0a009933cdbbe082814857f0e2024962d47c" "/opt/rustwide/cargo-home/bin/cargo" "+cfbc6d4cf1acbac5c025acf8ed68929caa551df3" "metadata" "--no-deps" "--format-version=1", kill_on_drop: false }`
[INFO] [stdout] 17420334fe708d0b439eae841bb426bee2f043ad0bd10b1d134ca38c27fb508e
[INFO] [stderr] WARNING: Your kernel does not support swap limit capabilities or the cgroup is not mounted. Memory limited without swap.
[INFO] running `Command { std: "docker" "start" "-a" "17420334fe708d0b439eae841bb426bee2f043ad0bd10b1d134ca38c27fb508e", kill_on_drop: false }`
[INFO] running `Command { std: "docker" "inspect" "17420334fe708d0b439eae841bb426bee2f043ad0bd10b1d134ca38c27fb508e", kill_on_drop: false }`
[INFO] running `Command { std: "docker" "rm" "-f" "17420334fe708d0b439eae841bb426bee2f043ad0bd10b1d134ca38c27fb508e", kill_on_drop: false }`
[INFO] [stdout] 17420334fe708d0b439eae841bb426bee2f043ad0bd10b1d134ca38c27fb508e
[INFO] running `Command { std: "docker" "create" "-v" "/var/lib/crater-agent-workspace/builds/worker-10/target:/opt/rustwide/target:rw,Z" "-v" "/var/lib/crater-agent-workspace/builds/worker-10/source:/opt/rustwide/workdir:ro,Z" "-v" "/var/lib/crater-agent-workspace/cargo-home:/opt/rustwide/cargo-home:ro,Z" "-v" "/var/lib/crater-agent-workspace/rustup-home:/opt/rustwide/rustup-home:ro,Z" "-e" "SOURCE_DIR=/opt/rustwide/workdir" "-e" "CARGO_TARGET_DIR=/opt/rustwide/target" "-e" "CARGO_INCREMENTAL=0" "-e" "RUST_BACKTRACE=full" "-e" "RUSTFLAGS=--cap-lints=forbid" "-e" "CARGO_HOME=/opt/rustwide/cargo-home" "-e" "RUSTUP_HOME=/opt/rustwide/rustup-home" "-w" "/opt/rustwide/workdir" "-m" "1610612736" "--user" "0:0" "--network" "none" "rustops/crates-build-env@sha256:a636fd89d022f18117e1dc8fb37a0a009933cdbbe082814857f0e2024962d47c" "/opt/rustwide/cargo-home/bin/cargo" "+cfbc6d4cf1acbac5c025acf8ed68929caa551df3" "check" "--frozen" "--all" "--all-targets" "--message-format=json", kill_on_drop: false }`
[INFO] [stdout] 614d7ef87c115eb70dbe4383c8e1158c83994b624841597679f3ef9e6cb4c7bf
[INFO] [stderr] WARNING: Your kernel does not support swap limit capabilities or the cgroup is not mounted. Memory limited without swap.
[INFO] running `Command { std: "docker" "start" "-a" "614d7ef87c115eb70dbe4383c8e1158c83994b624841597679f3ef9e6cb4c7bf", kill_on_drop: false }`
[INFO] [stderr]    Compiling libc v0.2.74
[INFO] [stderr]    Compiling unicode-xid v0.2.1
[INFO] [stderr]     Checking cfg-if v0.1.10
[INFO] [stderr]     Checking slab v0.4.2
[INFO] [stderr]     Checking arc-swap v0.4.7
[INFO] [stderr]     Checking fnv v1.0.7
[INFO] [stderr]     Checking bytes v0.5.6
[INFO] [stderr]     Checking pin-project-lite v0.1.7
[INFO] [stderr]     Checking futures-core v0.3.5
[INFO] [stderr]     Checking lazy_static v1.4.0
[INFO] [stderr]     Checking log v0.4.11
[INFO] [stderr]    Compiling proc-macro2 v1.0.19
[INFO] [stderr]    Compiling quote v1.0.7
[INFO] [stderr]    Compiling syn v1.0.38
[INFO] [stderr]     Checking iovec v0.1.4
[INFO] [stderr]     Checking net2 v0.2.34
[INFO] [stderr]     Checking signal-hook-registry v1.2.1
[INFO] [stderr]     Checking num_cpus v1.13.0
[INFO] [stderr]     Checking mio v0.6.22
[INFO] [stderr]     Checking mio-uds v0.6.8
[INFO] [stderr]    Compiling tokio-macros v0.2.5
[INFO] [stderr]     Checking tokio v0.2.22
[INFO] [stderr]     Checking sarga v0.1.0 (/opt/rustwide/workdir)
[INFO] [stdout] error: expected type, found `)`
[INFO] [stdout]   --> src/core/saga.rs:26:50
[INFO] [stdout]    |
[INFO] [stdout] 26 |   pub fn add_instruction(mut self, instruction:  ) -> Self {
[INFO] [stdout]    |                                                  ^ expected type
[INFO] [stdout] 
[INFO] [stdout] 
[INFO] [stdout] error: expected type, found `)`
[INFO] [stdout]   --> src/core/saga.rs:26:50
[INFO] [stdout]    |
[INFO] [stdout] 26 |   pub fn add_instruction(mut self, instruction:  ) -> Self {
[INFO] [stdout]    |                                                  ^ expected type
[INFO] [stdout] 
[INFO] [stdout] 
[INFO] [stdout] error[E0425]: cannot find value `instruction` in this scope
[INFO] [stdout]   --> src/core/saga.rs:30:32
[INFO] [stdout]    |
[INFO] [stdout] 30 |         self.instructions.push(instruction);
[INFO] [stdout]    |                                ^^^^^^^^^^^ not found in this scope
[INFO] [stdout] 
[INFO] [stdout] 
[INFO] [stdout] error[E0425]: cannot find value `instruction` in this scope
[INFO] [stdout]   --> src/core/saga.rs:30:32
[INFO] [stdout]    |
[INFO] [stdout] 30 |         self.instructions.push(instruction);
[INFO] [stdout]    |                                ^^^^^^^^^^^ not found in this scope
[INFO] [stdout] 
[INFO] [stdout] 
[INFO] [stdout] error[E0107]: wrong number of type arguments: expected 2, found 0
[INFO] [stdout]   --> src/core/saga.rs:15:6
[INFO] [stdout]    |
[INFO] [stdout] 15 | impl Saga {
[INFO] [stdout]    |      ^^^^ expected 2 type arguments
[INFO] [stdout] 
[INFO] [stdout] 
[INFO] [stdout] error[E0107]: wrong number of type arguments: expected 2, found 0
[INFO] [stdout]   --> src/core/saga.rs:17:40
[INFO] [stdout]    |
[INFO] [stdout] 17 |   pub fn new(abort_type: AbortType) -> Saga {
[INFO] [stdout]    |                                        ^^^^ expected 2 type arguments
[INFO] [stdout] 
[INFO] [stdout] 
[INFO] [stdout] error: aborting due to 4 previous errors
[INFO] [stdout] 
[INFO] [stdout] 
[INFO] [stdout] Some errors have detailed explanations: E0107, E0425.
[INFO] [stdout] 
[INFO] [stdout] For more information about an error, try `rustc --explain E0107`.
[INFO] [stdout] 
[INFO] [stdout] error[E0107]: wrong number of type arguments: expected 2, found 0
[INFO] [stdout]   --> src/core/saga.rs:15:6
[INFO] [stdout]    |
[INFO] [stdout] 15 | impl Saga {
[INFO] [stdout]    |      ^^^^ expected 2 type arguments
[INFO] [stdout] 
[INFO] [stdout] 
[INFO] [stdout] error[E0107]: wrong number of type arguments: expected 2, found 0
[INFO] [stdout]   --> src/core/saga.rs:17:40
[INFO] [stdout]    |
[INFO] [stdout] 17 |   pub fn new(abort_type: AbortType) -> Saga {
[INFO] [stdout]    |                                        ^^^^ expected 2 type arguments
[INFO] [stdout] 
[INFO] [stdout] 
[INFO] [stdout] error: aborting due to 4 previous errors
[INFO] [stdout] 
[INFO] [stdout] 
[INFO] [stdout] Some errors have detailed explanations: E0107, E0425.
[INFO] [stdout] 
[INFO] [stdout] For more information about an error, try `rustc --explain E0107`.
[INFO] [stdout] 
[INFO] [stderr] error: could not compile `sarga`.
[INFO] [stderr] 
[INFO] [stderr] To learn more, run the command again with --verbose.
[INFO] [stderr] warning: build failed, waiting for other jobs to finish...
[INFO] [stderr] error: build failed
[INFO] running `Command { std: "docker" "inspect" "614d7ef87c115eb70dbe4383c8e1158c83994b624841597679f3ef9e6cb4c7bf", kill_on_drop: false }`
[INFO] running `Command { std: "docker" "rm" "-f" "614d7ef87c115eb70dbe4383c8e1158c83994b624841597679f3ef9e6cb4c7bf", kill_on_drop: false }`
[INFO] [stdout] 614d7ef87c115eb70dbe4383c8e1158c83994b624841597679f3ef9e6cb4c7bf
